What is -2303 (base 4) in base 14?
-cb
10010100111001 (base 2) to base 13
4450
What is -2240 (base 9) in base 2?
-11001111000
-2db (base 14) to base 3
-210200
What is -22210 (base 4) in base 9?
-831
What is 111200 (base 3) in base 10?
369
Convert 12b7 (base 15) to base 2.
111110011101
-21124 (base 9) to base 7
-55453
1080 (base 10) to base 7
3102
What is 20fe (base 16) in base 9?
12524
Convert 210220002 (base 3) to base 10.
15959
Convert -10110 (base 4) to base 11.
-231
What is -11203 (base 4) in base 3?
-111011
What is 132 (base 6) in base 14?
40
What is 98e8 (base 16) in base 2?
1001100011101000
-21004 (base 6) to base 15
-c77
Convert -11013 (base 4) to base 12.
-233
210200 (base 3) to base 4
21021
4f (base 16) to base 2
1001111
What is 147127 (base 8) in base 2?
1100111001010111
-5078 (base 9) to base 6
-25112
-404410 (base 5) to base 10
-13105
Convert -62414 (base 7) to base 12.
-8a2b
What is 11001010100111 (base 2) in base 11?
9819
-1bb (base 14) to base 10
-361
What is 21 (base 14) in base 8?
35
Convert 44a74 (base 11) to base 5.
4041204
-1013 (base 10) to base 7
-2645
What is 1635 (base 9) in base 12?
87b
Convert 474 (base 10) to base 9.
576
What is 7 (base 15) in base 8?
7
Convert 1462 (base 7) to base 15.
28d
1d0 (base 14) to base 10
378
What is -1939 (base 10) in base 12?
-1157
What is -101013 (base 4) in base 5?
-13340
506 (base 11) to base 16
263
1051 (base 8) to base 13
337
55554 (base 6) to base 11
5928
-3ab (base 12) to base 3
-202212
Convert -1111100110010 (base 2) to base 10.
-7986
What is 1654 (base 9) in base 12?
894
What is 1660 (base 9) in base 10?
1269
24210 (base 5) to base 4
130031
-12182 (base 15) to base 2
-1110000101111010
What is -3da (base 14) in base 5?
-11110
What is -19e1 (base 15) in base 16?
-15eb
201002222 (base 3) to base 4
3121223
What is -32201012 (base 4) in base 12?
-2a4b2
What is 366 (base 7) in base 4?
3003
What is 23c4 (base 15) in base 11?
5798
What is -110010011110 (base 2) in base 13?
-1616
What is -11 (base 2) in base 13?
-3
Convert 244424 (base 6) to base 14.
7d04
What is 526 (base 12) in base 14?
3b8
530 (base 16) to base 5
20303
What is -3212 (base 4) in base 15?
-105
-10011101 (base 2) to base 7
-313
Convert 53422 (base 6) to base 12.
4272
What is 4010 (base 11) in base 12?
3107
Convert -7a97 (base 11) to base 7.
-43000
What is -897 (base 11) in base 15?
-4b9
What is -1031 (base 5) in base 9?
-166
3289 (base 10) to base 12
1aa1
11030 (base 4) to base 10
332
100010111110 (base 2) to base 3
10001220
Convert 556 (base 9) to base 6.
2040
-30134 (base 5) to base 15
-87e
What is 8c59 (base 14) in base 11?
17357
836 (base 10) to base 7
2303
Convert -12470 (base 10) to base 13.
-58a3
What is -102212 (base 3) in base 15?
-165
What is -10111101100111 (base 2) in base 4?
-2331213
What is -61446 (base 7) in base 9?
-22483
-100101001100101 (base 2) to base 14
-6d25
Convert a09 (base 13) to base 3.
2022221
Convert -5809 (base 11) to base 4.
-1313100
What is 210 (base 11) in base 3?
100101
What is -2102202 (base 3) in base 10?
-1775
What is 123313 (base 4) in base 2?
11011110111
-7788 (base 11) to base 13
-4893
Convert 975 (base 15) to base 16.
857
45 (base 6) to base 11
27
1566 (base 11) to base 16
7d8
Convert -44652 (base 7) to base 13.
-51ba
What is 1570 (base 8) in base 11?
738
-390 (base 15) to base 13
-4a4
What is 574 (base 9) in base 2?
111011000
Convert -2f99 (base 16) to base 9.
-17638
Convert -110010011001110 (base 2) to base 11.
-18430
What is -22543 (base 6) in base 15?
-e56
What is 2431 (base 5) in base 11?
303
What is 1769 (base 10) in base 6?
12105
What is 21120122 (base 3) in base 10?
5525
1db (base 16) to base 11
3a2
Convert 31111 (base 4) to base 9.
1147
What is 1334 (base 7) in base 6?
2215
-14268 (base 11) to base 4
-10330321
What is -10110101111 (base 2) in base 3?
-1222220
What is -1110110110101 (base 2) in base 15?
-23c0
Convert -3e (base 16) to base 2.
-111110
Convert -170b1 (base 13) to base 10.
-44084
What is -36481 (base 9) in base 2?
-101111110000110
What is 310233 (base 4) in base 15?
1000
-120012 (base 3) to base 15
-1c5
Convert 43056 (base 9) to base 7.
146016
What is 50 (base 9) in base 6?
113
Convert -a96 (base 11) to base 2.
-10100100011
What is -18e (base 15) in base 14?
-1b9
What is 211012 (base 4) in base 3?
10020221
Convert -1728 (base 13) to base 12.
-1b86
-1011023 (base 5) to base 9
-24428
What is -151 (base 12) in base 5?
-1310
Convert 3b2 (base 15) to base 4.
31022
2052 (base 7) to base 8
1323
Convert 42141 (base 5) to base 12.
1750
What is -1308 (base 10) in base 16?
-51c
Convert -5451 (base 10) to base 2.
-1010101001011
-3841 (base 12) to base 14
-2481
Convert -1479 (base 14) to base 6.
-24455
-605 (base 8) to base 10
-389
Convert -533 (base 12) to base 13.
-465
What is -20542 (base 7) in base 2?
-1001111010101
Convert -1b9b (base 14) to base 6.
-35153
Convert 102040 (base 5) to base 10.
3395
2244 (base 8) to base 11
990
-11331 (base 4) to base 13
-234
-200665 (base 7) to base 9
-51517
What is 1111101001111011 (base 2) in base 15?
13eed
Convert 396 (base 10) to base 14.
204
What is 110301303 (base 4) in base 11?
58a40
What is 132130 (base 9) in base 7?
453051
What is -1101000000001111 (base 2) in base 11?
-37021
Convert 16461 (base 8) to base 7.
30534
What is -1303310 (base 4) in base 8?
-16364
Convert -6468 (base 9) to base 7.
-16610
Convert -212202 (base 3) to base 10.
-641
Convert 2211002 (base 3) to base 6.
13302
-16152 (base 10) to base 4
-3330120
What is 4a20 (base 11) in base 13?
2ca4
What is -24214 (base 7) in base 4?
-1202023
Convert 10a (base 11) to base 10.
131
What is 133310 (base 6) in base 8?
30212
3d8 (base 14) to base 16
30a
What is -2183 (base 15) in base 5?
-211343
1000220011 (base 3) to base 12
b927
Convert 21202 (base 5) to base 4.
112103
-c886 (base 15) to base 14
-11666
15353 (base 7) to base 12
25a5
What is 1134 (base 12) in base 14?
9a8
-1ca (base 15) to base 9
-511
Convert 1002212 (base 3) to base 5.
11211
1504 (base 6) to base 5
3100
What is 101200202 (base 3) in base 5?
222141
1771 (base 12) to base 16
b05
What is 24511 (base 9) in base 4?
10001011
What is -452 (base 12) in base 13?
-3a1
Convert -1b10 (base 12) to base 11.
-2552
15d4 (base 16) to base 11
4220
What is -101000111010 (base 2) in base 8?
-5072
Convert 2424 (base 10) to base 11.
1904
What is -12887 (base 9) in base 15?
-28d1
449 (base 11) to base 16
219
What is -10100001011 (base 2) in base 12?
-8b7
What is 203020 (base 5) in base 14?
25bd
-2565 (base 13) to base 3
-21022010
Convert -1013 (base 16) to base 5.
-112430
Convert -4609 (base 10) to base 5.
-121414
Convert 88 (base 12) to base 9.
125
Convert -565 (base 7) to base 14.
-16c
Convert 121034 (base 5) to base 6.
32531
3562 (base 8) to base 10
1906
224343 (base 5) to base 12
482a
What is -18c6 (base 13) in base 10?
-3711
Convert -613 (base 8) to base 9.
-478
What is -644 (base 16) in base 4?
-121010
-915 (base 15) to base 9
-2722
Convert 1000100000011 (base 2) to base 14.
1831
222210200 (base 3) to base 10
19539
What is 1dd (base 15) in base 3?
121001
Convert -122011 (base 3) to base 4.
-13033
Convert 3225 (base 16) to base 10.
12837
11303211 (base 4) to base 12
11919
13423 (base 7) to base 10
3643
Convert -439 (base 10) to base 5.
-3224
-1155 (base 10) to base 16
-483
-505 (base 12) to base 5
-10400
What is 111000101111110 (base 2) in base 6?
342302
What is 122101 (base 3) in base 16?
1d5
What is -26533 (base 7) in base 14?
-2853
What is -474 (base 14) in base 9?
-1184
What is -1321453 (base 6) in base 12?
-36289
Convert 15396 (base 12) to base 6.
350310
10722 (base 15) to base 16
cc08
-2475 (base 8) to base 10
-1341
293 (base 14) to base 8
1011
Convert -312 (base 11) to base 15.
-1a1
Convert -10210 (base 7) to base 11.
-1979
Convert 321404 (base 5) to base 11.
8178
Convert -24ab6 (base 12) to base 8.
-141452
What is -20067 (base 9) in base 8?
-31577
Convert 204414 (base 5) to base 12.
3b77
Convert -4646 (base 7) to base 9.
-2288
424 (base 15) to base 13
56b
What is -6aa (base 12) in base 10?
-994
100200122 (base 3) to base 16
1b98
What is -3265 (base 8) in base 5?
-23332
10011010110100 (base 2) to base 15
2e08
602 (base 7) to base 13
19a
What is -3e68 (base 15) in base 10?
-13373
What is -20238 (base 13) in base 3?
